1101011
What is -c4216d (base 14) in base 13?
-14a721c
-11b91 (base 12) to base 7
-130300
bacd8 (base 14) to base 15
8e158
1436263 (base 9) to base 13
2195b5
What is -25510531 (base 6) in base 3?
-1120100101101
1100101101101110000100 (base 2) to base 8
14555604
Convert -1bc7 (base 15) to base 13.
-2995
Convert -52401451 (base 6) to base 14.
-2b97dd
-35707 (base 9) to base 16
-5d5e
-125017a (base 11) to base 16
-211124
Convert -40156 (base 13) to base 9.
-184034
What is -2220211021010 (base 3) in base 13?
-424266
75b04 (base 13) to base 10
212775
What is -74084 (base 9) in base 2?
-1011111100010111
Convert -2201010021 (base 4) to base 15.
-d0716
Convert -12234402 (base 5) to base 12.
-5841a
1213303221 (base 4) to base 8
1476351
2130333330 (base 4) to base 12
270190
Convert -2232123322 (base 4) to base 12.
-2a558a
What is 22405225 (base 8) in base 3?
100010112012112
17060645 (base 8) to base 10
3957157
201212102 (base 3) to base 4
3202103
Convert -111121031331 (base 4) to base 12.
-1a65679
What is 1033303300 (base 4) in base 2?
1001111110011110000
-1210004034 (base 6) to base 16
-d150f6
What is 11110011110110111101010 (base 2) in base 16?
79edea
Convert -126726 (base 10) to base 11.
-87236
Convert -33935 (base 14) to base 2.
-11110100101101011
Convert -668793 (base 12) to base 9.
-3057143
What is -110519 (base 11) in base 15?
-37397
-1000011000101110001 (base 2) to base 13
-98107
What is 24436 (base 15) in base 13?
40881
-4642224 (base 9) to base 7
-30213535
-152099 (base 12) to base 15
-70790
Convert -112333233 (base 4) to base 16.
-16fef
What is 111100111110001001010 (base 2) in base 6?
110453310
Convert 10753 (base 9) to base 7.
26631
Convert -220021120100 (base 3) to base 15.
-96909
What is 1bd8f5 (base 16) in base 10?
1825013
-47b670 (base 14) to base 4
-21112203102
What is 82a3a6 (base 15) in base 8?
27542417
Convert -12459807 (base 10) to base 7.
-210622653
Convert 324644 (base 10) to base 2.
1001111010000100100
What is 18741485 (base 9) in base 8?
44112216
105c10 (base 15) to base 8
2761325
Convert -265415 (base 8) to base 9.
-151437
Convert -303777 (base 8) to base 12.
-4a0a7
-300322434 (base 5) to base 14
-22b109
664a219 (base 11) to base 3
210221210020001
16450474 (base 8) to base 12
13438a4
What is 2222000020202 (base 3) in base 9?
2860222
Convert -111000110010001001 (base 2) to base 7.
-1656043
4311002 (base 6) to base 9
352062
Convert 75716 (base 9) to base 15.
ecd9
Convert 11140555 (base 6) to base 3.
122021001222
-660253 (base 7) to base 13
-40699
-13541015 (base 9) to base 3
-110121101000112
Convert 2b3974 (base 14) to base 7.
15551304
-82701 (base 10) to base 7
-463053
11424141 (base 6) to base 5
43024323
-1453124 (base 7) to base 3
-101001120112
What is -79793 (base 10) in base 3?
-11001110022
What is 142331140 (base 5) in base 10?
745795
Convert 23212223 (base 4) to base 12.
2360b
Convert -134423313 (base 5) to base 2.
-10101011010100001100
Convert -110111111110100101 (base 2) to base 4.
-313332211
What is 33297 (base 12) in base 14?
1a9c7
What is -751640 (base 10) in base 5?
-143023030
What is 654524 (base 11) in base 15?
159b7b
What is -10422643 (base 7) in base 14?
-194a5a
Convert -20042033 (base 5) to base 7.
-1231416
What is 40045101 (base 7) in base 10?
3305541
Convert -21042120 (base 5) to base 10.
-174660
Convert 125714 (base 12) to base 13.
a66c6
17633a (base 11) to base 5
32200210
What is -102 (base 16) in base 5?
-2013
What is -13033212 (base 4) in base 14?
-ab54
Convert 221100202112011 (base 3) to base 8.
63324366
What is -88a348 (base 11) in base 14?
-28d31b
54536303 (base 8) to base 11
6680777
15904 (base 12) to base 4
13133110
Convert -2c7b (base 13) to base 11.
-49a1
What is -1310152 (base 14) in base 5?
-4322303232
Convert 5107478 (base 9) to base 7.
32064065
Convert 211111212020222 (base 3) to base 2.
101101101001000001111000
What is -56d366 (base 16) in base 2?
-10101101101001101100110
What is -1033012032 (base 4) in base 11?
-20145a
Convert -120020222220 (base 3) to base 14.
-7b653
Convert 40521 (base 13) to base 15.
24196
Convert 10211011122012 (base 3) to base 12.
81b235
What is 111202143 (base 6) in base 13?
55a601
-23422034 (base 5) to base 6
-4353144
What is -10002102100020 (base 3) in base 4?
-12100313211
111010121 (base 3) to base 8
22546
33419 (base 16) to base 5
23204240
What is -786026 (base 11) in base 10?
-1252499
Convert 493a3 (base 12) to base 11.
68467
What is 145275 (base 8) in base 5?
3130101
What is 210214322 (base 7) in base 9?
25274748
1343030132 (base 5) to base 16
353254
Convert 111985 (base 11) to base 16.
2b81d
-478141 (base 12) to base 11
-719433
What is -179443b (base 13) in base 5?
-3432124143
What is 2524144 (base 7) in base 6?
10551204
-4ce69 (base 16) to base 10
-314985
Convert 773868 (base 13) to base 11.
1647a45
8ad06d (base 15) to base 6
354000204
What is 24322364 (base 8) in base 11?
3025022
What is -781a88 (base 14) in base 12?
-14473b4
-235330 (base 6) to base 5
-1130041
What is 330320203 (base 4) in base 6?
5202311
1010001101000000111110 (base 2) to base 12
a8ba7a
What is 20b58 (base 15) in base 14?
29b8c
What is -102132020320 (base 4) in base 5?
-2214421130
What is 212052 (base 11) in base 10?
339462
3543542 (base 6) to base 13
66200
-20404403 (base 5) to base 3
-22121022100
What is -54404253 (base 6) in base 4?
-12023013021
What is 104441424 (base 5) in base 14?
c2988
What is -41451555 (base 6) in base 13?
-332294
Convert 31110313 (base 4) to base 11.
38011
What is 141155445 (base 6) in base 10?
2861525
Convert -4935b3 (base 13) to base 16.
-1ab32b
Convert -2120152 (base 6) to base 14.
-29b48
Convert -1321455 (base 7) to base 5.
-21022301
Convert 1dbdc (base 15) to base 5.
11102212
Convert -2042053 (base 6) to base 3.
-12000202020
4c72a (base 14) to base 15
3aa87
-7769574 (base 10) to base 14
-1063698
-2567102 (base 10) to base 5
-1124121402
Convert 1595912 (base 12) to base 9.
8286275
106522 (base 9) to base 14
193a8
Convert 66202412 (base 7) to base 13.
123c137
-11001111000 (base 2) to base 11
-1276
Convert -22220113 (base 5) to base 3.
-100220112110
What is -1407427 (base 13) in base 3?
-102220111110221
Convert -241402115 (base 7) to base 12.
-5039bb2
Convert -3aa14d (base 15) to base 9.
-5265131
Convert 2144105 (base 6) to base 12.
52035
What is -870757 (base 9) in base 4?
-1332230122
Convert 134540252 (base 6) to base 15.
394d2b
What is 899b19 (base 15) in base 3?
110100110102120
What is 70028 (base 10) in base 12?
34638
-9004b (base 13) to base 3
-111001200200
What is 6145562 (base 7) in base 16?
b3465
Convert 100110000011100101 (base 2) to base 8.
460345
-33626 (base 10) to base 5
-2034001
Convert 804962 (base 10) to base 4.
3010201202
Convert 1313422442 (base 5) to base 12.
1114b62
What is 4626195 (base 11) in base 13?
18a3410
What is 331310031 (base 4) in base 16?
3dd0d
40c0a (base 13) to base 9
186452
302211123300 (base 4) to base 15
126e0a3
-528aa (base 14) to base 12
-973b2
-735253 (base 11) to base 13
-3233a6
Convert -102111031 (base 4) to base 14.
-1d513
-1c4911 (base 15) to base 8
-5214020
Convert 101001011010111111 (base 2) to base 6.
3345251
3666750 (base 9) to base 2
111100110100100001001
-2142550 (base 6) to base 12
-51a56
What is 310200 (base 7) in base 15?
10a30
-4932013 (base 10) to base 3
-100021120110011
113322133 (base 4) to base 6
2033251
-4b0433 (base 12) to base 9
-2265053
-4be455 (base 15) to base 10
-3642605
What is 112020310312 (base 4) in base 12?
1b3a49a
513053 (base 6) to base 11
28773
ea11c (base 15) to base 8
2652540
What is -112032320210 (base 4) in base 13?
-12909cb
What is -110110111110110 (base 2) in base 9?
-42547
Convert -1010121201112 (base 3) to base 10.
-602681
What is -3615107 (base 8) in base 3?
-1212021201001
-134241220 (base 5) to base 9
-1271286
Convert 133101 (base 7) to base 14.
9201
Convert -2c228 (base 13) to base 12.
-40642
What is 112133240 (base 5) in base 15?
9eb65
-477413 (base 8) to base 15
-33715
What is -1652623 (base 7) in base 4?
-320201011
What is -133cc06 (base 13) in base 16?
-5c6371
-1039318 (base 11) to base 9
-3385288
Convert -3c07f1 (base 16) to base 6.
-220153505
Convert 6101646 (base 7) to base 10.
723372
Convert 103032033 (base 5) to base 15.
8a3e8
What is -5115151 (base 8) in base 9?
-2477